f 35234775 and 298.
149
What is the greatest common factor of 3981529 and 250625?
401
Calculate the greatest common factor of 232766 and 66970.
362
Calculate the highest common divisor of 5274868 and 58.
58
What is the greatest common divisor of 19304248 and 102?
34
Calculate the greatest common divisor of 1334 and 1978.
46
Calculate the greatest common factor of 12959027 and 29.
29
What is the greatest common divisor of 1015989 and 629148?
4251
What is the highest common factor of 5613111 and 599221?
12229
Calculate the highest common factor of 21654 and 1428.
6
Calculate the highest common factor of 86265 and 25092820.
355
Calculate the greatest common divisor of 38 and 7565325.
19
Calculate the highest common factor of 2838312 and 34839.
711
Calculate the highest common factor of 4481076 and 9362.
302
Calculate the highest common divisor of 538986014 and 1555.
311
What is the highest common factor of 1800989 and 515995?
3329
What is the greatest common factor of 434 and 1524859?
217
Calculate the greatest common factor of 16614 and 4688970.
78
Calculate the highest common divisor of 1232 and 20995392.
176
What is the highest common divisor of 237251030 and 12876?
2146
What is the greatest common divisor of 171 and 1139409?
9
What is the greatest common divisor of 1079 and 4777279?
13
What is the greatest common factor of 20 and 59241410?
10
Calculate the greatest common factor of 3 and 203728893.
3
What is the greatest common divisor of 52 and 107739307?
13
Calculate the highest common divisor of 23816 and 342368.
104
What is the greatest common divisor of 9654627 and 6?
3
What is the highest common divisor of 3414 and 4075178?
1138
Calculate the greatest common factor of 125752 and 3072.
8
What is the greatest common factor of 79 and 203146051?
79
Calculate the greatest common divisor of 110 and 20251000.
110
Calculate the highest common divisor of 1746 and 853018.
194
What is the highest common factor of 456 and 7984560?
456
Calculate the highest common factor of 173857 and 14596429.
7559
Calculate the highest common divisor of 1347877 and 19.
1
What is the highest common factor of 40513 and 11723888?
319
Calculate the greatest common divisor of 432 and 2728458.
54
What is the highest common factor of 1216 and 31059376?
304
Calculate the highest common divisor of 27232 and 337318.
46
What is the highest common divisor of 15733173 and 642?
321
What is the greatest common factor of 24414 and 822?
6
What is the greatest common divisor of 10659 and 51945069?
627
Calculate the greatest common factor of 17244374 and 784.
98
What is the highest common divisor of 1023 and 291235173?
93
What is the highest common factor of 14012 and 1489001?
113
Calculate the greatest common factor of 1899 and 353050053.
633
Calculate the highest common divisor of 5644142 and 168.
14
Calculate the highest common factor of 38665888 and 96.
32
Calculate the greatest common divisor of 1868910 and 155.
5
Calculate the greatest common divisor of 25268119 and 2698.
1349
What is the greatest common factor of 14662725 and 75?
75
Calculate the greatest common divisor of 124 and 454701242.
62
What is the greatest common divisor of 1337522942 and 28?
14
Calculate the highest common factor of 372 and 33105675.
93
What is the greatest common factor of 15416 and 697656?
328
Calculate the greatest common factor of 46344 and 1626.
6
What is the highest common factor of 43675 and 1455251?
1747
What is the highest common divisor of 186 and 11227456?
62
What is the highest common divisor of 1606 and 134216?
2
What is the highest common factor of 6990169 and 517?
47
Calculate the highest common factor of 48302627 and 6698.
3349
Calculate the greatest common divisor of 310151 and 81253.
193
Calculate the greatest common factor of 264 and 678048.
24
What is the highest common factor of 18 and 74216511?
9
What is the highest common factor of 3794535 and 1440?
45
Calculate the greatest common divisor of 309875929 and 88.
11
What is the greatest common divisor of 153232 and 84309?
157
What is the highest common divisor of 5292 and 18454968?
1764
What is the highest common factor of 166886362 and 122?
122
Calculate the highest common divisor of 77 and 439557657.
77
Calculate the highest common factor of 287289 and 199746.
1233
Calculate the highest common factor of 214298 and 2142.
14
What is the greatest common factor of 540 and 102136950?
270
Calculate the greatest common divisor of 222234678 and 162.
162
Calculate the highest common divisor of 24 and 9000874.
2
Calculate the greatest common divisor of 852 and 57589596.
12
What is the greatest common factor of 9632 and 224847?
301
What is the highest common factor of 132774757 and 3337?
71
Calculate the greatest common factor of 2647368 and 128.
8
What is the highest common divisor of 162208 and 1440928?
1184
Calculate the highest common divisor of 16 and 1505127640.
8
What is the highest common factor of 178412232 and 24?
24
Calculate the greatest common divisor of 661504 and 272000.
2176
Calculate the greatest common divisor of 92 and 33603046.
46
What is the greatest common divisor of 2100 and 10388644?
28
Calculate the greatest common divisor of 47410 and 2281730.
110
What is the highest common divisor of 972294 and 1890?
6
Calculate the highest common divisor of 3060 and 6388974.
306
What is the greatest common divisor of 14 and 1975678831?
7
What is the highest common factor of 1257712 and 944?
16
Calculate the highest common factor of 10807325 and 3400.
425
What is the greatest common divisor of 5555195 and 583?
53
Calculate the greatest common divisor of 9886820 and 48.
4
What is the greatest common divisor of 13 and 55919?
1
What is the greatest common factor of 1145515 and 134435?
805
Calculate the highest common divisor of 65655353 and 22422.
3737
Calculate the greatest common factor of 663016720 and 1336.
1336
Calculate the highest common factor of 4 and 10936301.
1
Calculate the highest common divisor of 24 and 287694.
6
Calculate the greatest common factor of 2040 and 2930120.
680
What is the greatest common divisor of 219888 and 3211281?
4581
Calculate the highest common divisor of 4869 and 2682.
9
Calculate the greatest common factor of 9447243 and 87.
87
What is the highest common divisor of 105 and 14050400?
35
What is the highest common factor of 126537588 and 108?
36
What is the greatest common factor of 10294276 and 2166?
722
Calculate the greatest common factor of 636 and 80523112.
212
What is the greatest common factor of 317316932 and 8?
4
Calculate the highest common divisor of 46478864 and 19646.
1786
What is the greatest common divisor of 2207349 and 117?
9
What is the greatest common factor of 21524129 and 7181?
167
Calculate the highest common divisor of 28 and 277149684.
28
Calculate the highest common divisor of 55008 and 27906246.
3438
Calculate the highest common factor of 1 and 69453080.
1
Calculate the highest common divisor of 457407 and 3807.
81
What is the highest common divisor of 4268394 and 14118?
78
Calculate the highest common divisor of 2813 and 172068397.
2813
Calculate the highest common factor of 3422 and 42667207.
1711
What is the greatest common factor of 45584 and 2075304?
616
Calculate the greatest common divisor of 2250054 and 18.
18
What is the greatest common factor of 124904148 and 60?
12
What is the highest common factor of 2300380 and 100?
20
Calculate the greatest common divisor of 1771 and 17150617.
253
What is the greatest common divisor of 723 and 2613?
3
Calculate the highest common factor of 583045 and 209235.
145
Calculate the greatest common factor of 68841120 and 8400.
240
Calculate the highest common divisor of 85470 and 5243714.
518
What is the highest common divisor of 16000 and 377824?
32
What is the greatest common divisor of 30752 and 62126728?
7688
What is the highest common divisor of 11 and 1483833406?
11
Calculate the highest common factor of 664 and 142840.
8
What is the highest common factor of 96 and 19939704?
24
Calculate the greatest common divisor of 86 and 115004.
2
Calculate the greatest common divisor of 837048 and 1920.
24
What is the greatest common divisor of 86742745 and 545?
545
What is the highest common divisor of 1908107244 and 18?
18
Calcul